 1826188873 a composite number?
False
Is 43908802649 prime?
True
Is 150008099 composite?
True
Is 2610647189 a composite number?
False
Is 344657897 a prime number?
True
Is 2092552193 composite?
True
Is 3799928113 a composite number?
False
Is 130338947703 a composite number?
True
Is 8521992811 composite?
True
Is 2677438787 a prime number?
False
Is 2298644737 composite?
False
Is 2317128311 a prime number?
True
Is 10449496835 a composite number?
True
Is 313276477 a composite number?
True
Is 1510575811 a prime number?
False
Is 141556993 prime?
False
Is 4194682223 a prime number?
True
Is 15835214397 a prime number?
False
Is 174160306961 a prime number?
False
Is 25392292321 a prime number?
False
Is 266889487 composite?
False
Is 28255480159 prime?
False
Is 12071424499 a composite number?
False
Is 176592851429 a prime number?
False
Is 31295598913 composite?
False
Is 3782614879 prime?
False
Is 13406671771 a prime number?
True
Is 5313806257 a prime number?
False
Is 883121469 composite?
True
Is 2180160809 a prime number?
True
Is 82626372401 composite?
False
Is 175679104319 a prime number?
True
Is 5518759049 a composite number?
False
Is 601769393 a composite number?
False
Is 101700534937 prime?
True
Is 14338825961 a prime number?
False
Is 27917975497 composite?
False
Is 7992347457 a prime number?
False
Is 1048907417 composite?
True
Is 908624777 composite?
True
Is 397572900911 composite?
True
Is 4648404227 composite?
True
Is 137516381663 prime?
True
Is 24987169697 prime?
False
Is 16519337221 composite?
False
Is 885907751 prime?
False
Is 6976620247 a composite number?
True
Is 387509479 prime?
False
Is 6323770499 prime?
False
Is 1496278979 composite?
True
Is 815908169 composite?
False
Is 12940333841 a composite number?
False
Is 7468911349 prime?
True
Is 1310826521 composite?
False
Is 349165801 a composite number?
False
Is 19802314069 prime?
True
Is 184199724947 composite?
True
Is 972559727 a composite number?
False
Is 5748195539 a prime number?
True
Is 1358961763 composite?
False
Is 204852635459 a prime number?
False
Is 231851989 prime?
True
Is 618779597 composite?
False
Is 3121291433 a composite number?
True
Is 7570366039 a prime number?
False
Is 497559637 a composite number?
False
Is 475817203 composite?
True
Is 36323587 a composite number?
False
Is 3770549839 prime?
False
Is 3888826219 a composite number?
False
Is 18126920411 a composite number?
False
Is 58724131 composite?
False
Is 156525179 a composite number?
True
Is 5544445853 a composite number?
False
Is 1332154671 a composite number?
True
Is 11035087153 a prime number?
False
Is 47529394639 a composite number?
False
Is 37868247343 composite?
False
Is 42004110263 prime?
True
Is 16762989209 prime?
True
Is 535272935 a prime number?
False
Is 7609808051 prime?
False
Is 11110347253 a prime number?
False
Is 73807743103 prime?
False
Is 25023635517 a prime number?
False
Is 871745557 prime?
False
Is 55935338829 a prime number?
False
Is 1531557311 composite?
False
Is 1180607083 a composite number?
False
Is 5266152263 prime?
True
Is 96417337 composite?
True
Is 291546653 prime?
True
Is 1309992683 composite?
False
Is 1079719343 a prime number?
True
Is 1018241621 prime?
False
Is 17394056699 composite?
True
Is 1453269557 a composite number?
False
Is 4328895001 composite?
True
Is 8257179829 composite?
False
Is 958637035 a prime number?
False
Is 28942930507 a prime number?
False
Is 2572803655 a prime number?
False
Is 31833359 a composite number?
True
Is 206519839 a prime number?
True
Is 1586867869 a composite number?
False
Is 594871439 prime?
True
Is 3380380643 a composite number?
True
Is 733367729 composite?
True
Is 8914131035 a prime number?
False
Is 12701208811 composite?
False
Is 8906258377 prime?
False
Is 14609251 prime?
False
Is 1336207109 prime?
False
Is 35672912839 composite?
False
Is 5220371791 a composite number?
False
Is 30961338463 a composite number?
True
Is 23513799523 a prime number?
False
Is 4261077403 a composite number?
True
Is 36208123339 a prime number?
False
Is 38005017443 composite?
False
Is 11155821683 prime?
True
Is 41299747 composite?
False
Is 395166787 prime?
True
Is 31383222979 a composite number?
False
Is 2302336451 a composite number?
False
Is 3428553431 a prime number?
True
Is 7977961237 composite?
False
Is 5241877559 a prime number?
False
Is 13471848011 a prime number?
True
Is 27028189 composite?
False
Is 1161781039 a composite number?
True
Is 1018608343 a composite number?
False
Is 21407957203 prime?
True
Is 7697595781 composite?
True
Is 469247557 composite?
True
Is 4957363409 a prime number?
True
Is 216563176157 prime?
False
Is 44311822691 a prime number?
True
Is 33788035121 a composite number?
False
Is 220616579 a prime number?
True
Is 2151425053 a prime number?
True
Is 13046140189 composite?
True
Is 500520913 composite?
False
Is 8910379 composite?
False
Is 7586033099 a composite number?
True
Is 2938992817 a composite number?
False
Is 1715650847 a prime number?
False
Is 75867197 a prime number?
False
Is 2477396153 a prime number?
True
Is 14585167843 a composite number?
False
Is 23573426405 a prime number?
False
Is 8227621667 prime?
False
Is 473496493 prime?
False
Is 41370688733 a composite number?
True
Is 21098622287 composite?
False
Is 59466906139 a prime number?
True
Is 443655697 a composite number?
True
Is 18892793 a prime number?
False
Is 1981751953 a prime number?
True
Is 2307479519 composite?
False
Is 8217191883 a prime number?
False
Is 239926021 composite?
True
Is 296671673069 a composite number?
True
Is 11773887739 a prime number?
True
Is 962001809 composite?
False
Is 480585431 a prime number?
True
Is 6846630253 composite?
False
Is 4819001503 a composite number?
True
Is 8987308241 a composite number?
True
Is 24123165763 a prime number?
False
Is 352134241 prime?
True
Is 51442201903 prime?
True
Is 12644476837 composite?
False
Is 1088997751 prime?
False
Is 5612274259 composite?
False
Is 64444854581 a prime number?
False
Is 683587343 composite?
False
Is 1026287551 a prime number?
True
Is 3039620629 prime?
False
Is 546404753 prime?
False
Is 34752816289 composite?
True
Is 128509657 prime?
True
Is 182215997 prime?
True
Is 1462765813 prime?
False
Is 3461499683 a composite number?
False
Is 390585403 prime?
False
Is 405692604651 prime?
False
Is 1864089041 a composite number?
False
Is 6353335739 a composite number?
True
Is 12021535523 prime?
False
Is 40721547613 a composite number?
True
Is 1714130917 a prime number?
True
Is 5526532607 a prime number?
True
Is 1199675117 a prime number?
True
Is 25543958257 a composite number?
False
Is 859363489 a prime number?
True
Is 2424492781 composite?
True
Is 59769487601 a composite number?
False
Is 1581860009 a composite number?
True
Is 4472726747 prime?
False
Is 539921015 composite?
True
Is 19809251611 prime?
True
Is 44850848701 a composite number?
True
Is 19310830237 composite?
True
Is 84524596733 a composite number?
False
Is 11834954993 a prime number?
False
Is 2772959479 prime?
False
Is 1332359629 prime?
False
Is 294054473 a composite number?
True
Is 2176998487 a prime number?
True
Is 125605433 a prime number?
False
Is 169238231 a prime number?
False
Is 196853681 prime?
False
Is 15097753483 prime?
True
Is 2021937823 prime?
False
Is 94305333643 a prime number?
False
Is 22949340653 a composite number?
True
Is 1527661147 prime?
False
Is 16800742411 a composite number?
False
Is 178784807405 prime?
False
Is 768115949 a composite number?
False
Is 22701309461 prime?
True
Is 1980489389 a prime number?
False
Is 152796589 a composite number?
True
Is 2758154383 a composite number?
True
Is 731681017 composite?
True
Is 1902820298 composite?
True
Is 2613229609 a prime number?
False
Is 2777894731 a composite number?
True
Is 120206599 a composite number?
True
Is 50766193 composite?
False
Is 15811494571 a composite number?
False
Is 37363649429 a prime number?
True
Is 939526999 a prime number?
True
Is 14628628271 a composite number?
True
Is 21729356849 a composite number?
False
Is 43479906343 prime?
True
Is 3681035867 prime?
False
Is 87394660319 a prime number?
True
Is 98746690153 a composite number?
False
Is 148555853 prime?
True
Is 10928021567 a prime number?
False
Is 1472372801 prime?
False
Is 13429565299 a composite number?
False
Is 54609687983 a prime num